{"id":44,"date":"2015-09-04T14:35:00","date_gmt":"2015-09-04T14:35:00","guid":{"rendered":"http:\/\/lueftner-cruises.fr\/croisieres-fluviales-de-luxe\/?page_id=44"},"modified":"2016-11-29T13:11:27","modified_gmt":"2016-11-29T13:11:27","slug":"votre-hotel-5-etoiles-personnel-voyage-avec-vous","status":"publish","type":"page","link":"https:\/\/lueftner-cruises.fr\/croisieres-fluviales-de-luxe\/votre-hotel-5-etoiles-personnel-voyage-avec-vous\/","title":{"rendered":"Votre h\u00f4tel 5 \u00e9toiles personnel voyage avec vous"},"content":{"rendered":"<h2><img loading=\"lazy\" decoding=\"async\" class=\"alignright wp-image-58 size-medium\" title=\"Croisi\u00e8re fluviale : confort \u00e9l\u00e9gant d\u2018un h\u00f4tel 5 \u00e9toiles\" src=\"http:\/\/lueftner-cruises.fr\/croisieres-fluviales-de-luxe\/wp-content\/uploads\/2015\/09\/06-Amadeus-Elegant_s-300x225.jpg\" alt=\"Croisi\u00e8res fluviales de luxe\" width=\"300\" height=\"225\" \/>D\u00e9couvrez la l\u00e9g\u00e8ret\u00e9 d\u2018un voyage fluvial sans compromis.<\/h2>\n<p>L\u2018incomparable avantage d\u2018une <strong>croisi\u00e8re fluviale<\/strong> consiste en l\u2018exp\u00e9rience intense et la d\u00e9couverte d\u00e9tendue qu\u2018elle offre sur de magnifiques voies d\u2018eau, le tout combin\u00e9 au <strong>confort \u00e9l\u00e9gant d\u2018un h\u00f4tel 5 \u00e9toiles<\/strong>.<\/p>\n<p>Partez ainsi \u00e0 la d\u00e9couverte des atouts culturels et des <strong>paysages de l\u2018Europe<\/strong> tout en voyageant en toute tranquillit\u00e9, en n\u2018ayant \u00e0 d\u00e9faire vos valises qu\u2018une seule fois.<\/p>\n<p>Votre <strong>luxueuse cabine<\/strong> est pourvue d\u2018une <strong>grande baie vitr\u00e9e qui s\u2018ouvre<\/strong> sur des paysages naturels sans cesse changeants, vous offrant une vue inoubliable.<\/p>\n<p>Voyage et habitation ne font ainsi plus qu\u2018un et permettent de se d\u00e9tendre \u00e0 merveille.<\/p>\n<h2><\/h2>\n<h2><img loading=\"lazy\" decoding=\"async\" class=\"alignright wp-image-57 size-medium\" title=\"Croisi\u00e8re fluviale L\u00fcftner Cruises, des vacances d\u00e9tendues et inoubliables\" src=\"http:\/\/lueftner-cruises.fr\/croisieres-fluviales-de-luxe\/wp-content\/uploads\/2015\/09\/06-AMADEUS-Brilliant-Cabin_s-300x200.jpg\" alt=\"Croisi\u00e8re Lueftner Danube\" width=\"300\" height=\"200\" \/>La petite diff\u00e9rence<\/h2>\n<p>Depuis plus de 30 ans, la convivialit\u00e9 autrichienne constitue notre griffe \u00e0 bord.<\/p>\n<p>Nous sommes convaincus que notre \u00e9quipage attentionn\u00e9 est l\u2018\u00e9l\u00e9ment essentiel qui fait de votre <strong>croisi\u00e8re <\/strong>des vacances <strong>d\u00e9tendues et inoubliables<\/strong>. Discret, attentif et toujours un aimable sourire aux l\u00e8vres, notre \u00e9quipe veille sans cesse sur votre bien-\u00eatre \u00e0 bord. Notre <strong>service<\/strong> se distingue ainsi par son naturel et sa cordialit\u00e9.<\/p>\n<p>Votre voyage <strong>gastronomique <\/strong>d\u00e9bute par un buffet petit d\u00e9jeuner riche et vari\u00e9 dans notre restaurant panoramique baign\u00e9 de lumi\u00e8re. Notre personnel se fera un plaisir de vous servir diff\u00e9rentes pr\u00e9parations d\u2018\u0153ufs fra\u00eechement cuisin\u00e9es.<\/p>\n<h2><\/h2>\n<p><img loading=\"lazy\" decoding=\"async\" class=\"alignright wp-image-61 size-medium\" title=\"La gastronomie \u00e0 bord des croisi\u00e8res fluviales Lueftner\" src=\"http:\/\/lueftner-cruises.fr\/croisieres-fluviales-de-luxe\/wp-content\/uploads\/2015\/09\/15-AMADEUS-Brilliant-Restaurant_s-300x207.jpg\" alt=\"Croisi\u00e8re fluviale Rhin\" width=\"300\" height=\"207\" \/>A midi, vous avez le choix entre des menus vari\u00e9s et des sp\u00e9cialit\u00e9s du buffet au restaurant panoramique ou bien un plat l\u00e9ger au salon <strong>AMADEUS<\/strong>.<\/p>\n<p>L\u2018apr\u00e8s-midi, nous vous g\u00e2terons avec une d\u00e9licieuse s\u00e9lection de g\u00e2teaux et biscuits, avant de couronner cette journ\u00e9e <strong>fluviale<\/strong> par une soir\u00e9e plac\u00e9e sous le s\u00e9duisant signe de la <strong>gastronomie\u00a0<\/strong>: nos menus exquis \u00e0 5 services vous ouvrent une multitude de moments <strong>savoureux<\/strong>, offrant tour \u00e0 tour des sp\u00e9cialit\u00e9s des r\u00e9gions travers\u00e9es, des menus <strong>raffin\u00e9s<\/strong>, des plats favoris classiques ou bien des alternatives v\u00e9g\u00e9tariennes. En accompagnement, nous vous recommandons et servons des vins de grande qualit\u00e9 de vignobles r\u00e9gionaux et internationaux.<\/p>\n<h2>Le temps vous appartient<\/h2>\n<p>Faites tout ce dont vous avez envie ou jouissez de la libert\u00e9 de ne rien faire.<\/p>\n<h2><\/h2>\n<p><img loading=\"lazy\" decoding=\"async\" class=\"alignright wp-image-59 size-medium\" title=\"La flotte des navires Amadeus - croisi\u00e8res fluviales\" src=\"http:\/\/lueftner-cruises.fr\/croisieres-fluviales-de-luxe\/wp-content\/uploads\/2015\/09\/09-Amadeus-Elegant-Amadeus-Club_s-300x225.jpg\" alt=\"Croisi\u00e8res fluviales de luxe\" width=\"300\" height=\"225\" \/>\u00c0 bord de votre bateau <strong>AMADEUS<\/strong>, vous avez enfin du temps pour votre programme bien-\u00eatre personnel. Un <strong>voyage fluvial<\/strong> offre en effet la parfaite combinaison entre activit\u00e9s et repos, d\u00e9couverte et d\u00e9tente. Et c\u2018est ainsi que se d\u00e9rouleront vos journ\u00e9es <strong>\u00e0 bord du bateau AMADEUS<\/strong>.<\/p>\n<p>Commencez la journ\u00e9e par une visite de notre <strong>espace fitness<\/strong> ou une s\u00e9ance commune de sport matinal sur le pont ensoleill\u00e9. Stimulez votre esprit avec une partie d\u2018\u00e9checs ou de shuffleboard avec d\u2018autres passagers. Faites une pause wellness et laissez vagabonder votre \u00e2me au cours d\u2018un massage bienfaisant dans notre <strong>Vital Club<\/strong>.<\/p>\n<p>Assistez \u00e0 des <strong>conf\u00e9rences <\/strong>captivantes de nos guides touristiques exp\u00e9riment\u00e9s \u00e0 bord et <strong>d\u00e9couvrez <\/strong>de pr\u00e8s les r\u00e9gions et <strong>cultures <\/strong>au sein desquelles vous voyagez. Le soir, laissez-vous divertir par nos <strong>musiciens <\/strong>de bord personnels et <strong>dansez <\/strong>sur votre musique pr\u00e9f\u00e9r\u00e9e.<\/p>\n<p><img loading=\"lazy\" decoding=\"async\" class=\"alignright wp-image-62 size-medium\" title=\"Croisi\u00e8re Fluviale sur la Seine\" src=\"http:\/\/lueftner-cruises.fr\/croisieres-fluviales-de-luxe\/wp-content\/uploads\/2015\/09\/21-Amadeus-Elegant-Sun-Deck_s-300x225.jpg\" alt=\"L\u00fcftner Cruises Amadeus Elegant Sun Deck\" width=\"300\" height=\"225\" \/>Consacrez tout simplement du temps \u00e0 quelque chose d\u2018exceptionnel: <strong>vous<\/strong>.<\/p>\n","protected":false},"excerpt":{"rendered":"<p>D\u00e9couvrez la l\u00e9g\u00e8ret\u00e9 d\u2018un voyage fluvial sans compromis. L\u2018incomparable avantage d\u2018une croisi\u00e8re fluviale consiste en l\u2018exp\u00e9rience intense et la d\u00e9couverte d\u00e9tendue qu\u2018elle offre sur de magnifiques voies d\u2018eau, le tout combin\u00e9 au confort \u00e9l\u00e9gant d\u2018un h\u00f4tel 5 \u00e9toiles. Partez ainsi \u00e0 la d\u00e9couverte des atouts culturels et des paysages de l\u2018Europe tout en voyageant en [&hellip;]<\/p>\n","protected":false},"author":1,"featured_media":0,"parent":0,"menu_order":0,"comment_status":"closed","ping_status":"closed","template":"","meta":{"footnotes":""},"class_list":["post-44","page","type-page","status-publish","hentry"],"yoast_head":"<!-- This site is optimized with the Yoast SEO plugin v27.5 - https:\/\/yoast.com\/product\/yoast-seo-wordpress\/ -->\n<title>Croisi\u00e8re Fluviale : Votre h\u00f4tel 5 \u00e9toiles personnel voyage avec vous<\/title>\n<meta name=\"description\" content=\"L\u2018incomparable avantage d\u2018une croisi\u00e8re fluviale consiste en l\u2018exp\u00e9rience intense et la d\u00e9couverte d\u00e9tendue qu\u2018elle offre sur de magnifiques voies d\u2018eau\" \/>\n<meta name=\"robots\" content=\"index, follow, max-snippet:-1, max-image-preview:large, max-video-preview:-1\" \/>\n<link rel=\"canonical\" href=\"https:\/\/lueftner-cruises.fr\/croisieres-fluviales-de-luxe\/votre-hotel-5-etoiles-personnel-voyage-avec-vous\/\" \/>\n<meta property=\"og:locale\" content=\"fr_FR\" \/>\n<meta property=\"og:type\" content=\"article\" \/>\n<meta property=\"og:title\" content=\"Croisi\u00e8re Fluviale : Votre h\u00f4tel 5 \u00e9toiles personnel voyage avec vous\" \/>\n<meta property=\"og:description\" content=\"L\u2018incomparable avantage d\u2018une croisi\u00e8re fluviale consiste en l\u2018exp\u00e9rience intense et la d\u00e9couverte d\u00e9tendue qu\u2018elle offre sur de magnifiques voies d\u2018eau\" \/>\n<meta property=\"og:url\" content=\"https:\/\/lueftner-cruises.fr\/croisieres-fluviales-de-luxe\/votre-hotel-5-etoiles-personnel-voyage-avec-vous\/\" \/>\n<meta property=\"og:site_name\" content=\"Croisi\u00e8res Fluviales de Luxe L\u00fcftner Cruises\" \/>\n<meta property=\"article:modified_time\" content=\"2016-11-29T13:11:27+00:00\" \/>\n<meta property=\"og:image\" content=\"http:\/\/lueftner-cruises.fr\/croisieres-fluviales-de-luxe\/wp-content\/uploads\/2015\/09\/06-Amadeus-Elegant_s-300x225.jpg\" \/>\n<meta name=\"twitter:card\" content=\"summary_large_image\" \/>\n<meta name=\"twitter:site\" content=\"@oceaniacruisefr\" \/>\n<meta name=\"twitter:label1\" content=\"Dur\u00e9e de lecture estim\u00e9e\" \/>\n\t<meta name=\"twitter:data1\" content=\"3 minutes\" \/>\n<script type=\"application\/ld+json\" class=\"yoast-schema-graph\">{\"@context\":\"https:\\\/\\\/schema.org\",\"@graph\":[{\"@type\":\"WebPage\",\"@id\":\"https:\\\/\\\/lueftner-cruises.fr\\\/croisieres-fluviales-de-luxe\\\/votre-hotel-5-etoiles-personnel-voyage-avec-vous\\\/\",\"url\":\"https:\\\/\\\/lueftner-cruises.fr\\\/croisieres-fluviales-de-luxe\\\/votre-hotel-5-etoiles-personnel-voyage-avec-vous\\\/\",\"name\":\"Croisi\u00e8re Fluviale : Votre h\u00f4tel 5 \u00e9toiles personnel voyage avec vous\",\"isPartOf\":{\"@id\":\"https:\\\/\\\/lueftner-cruises.fr\\\/croisieres-fluviales-de-luxe\\\/#website\"},\"primaryImageOfPage\":{\"@id\":\"https:\\\/\\\/lueftner-cruises.fr\\\/croisieres-fluviales-de-luxe\\\/votre-hotel-5-etoiles-personnel-voyage-avec-vous\\\/#primaryimage\"},\"image\":{\"@id\":\"https:\\\/\\\/lueftner-cruises.fr\\\/croisieres-fluviales-de-luxe\\\/votre-hotel-5-etoiles-personnel-voyage-avec-vous\\\/#primaryimage\"},\"thumbnailUrl\":\"http:\\\/\\\/lueftner-cruises.fr\\\/croisieres-fluviales-de-luxe\\\/wp-content\\\/uploads\\\/2015\\\/09\\\/06-Amadeus-Elegant_s-300x225.jpg\",\"datePublished\":\"2015-09-04T14:35:00+00:00\",\"dateModified\":\"2016-11-29T13:11:27+00:00\",\"description\":\"L\u2018incomparable avantage d\u2018une croisi\u00e8re fluviale consiste en l\u2018exp\u00e9rience intense et la d\u00e9couverte d\u00e9tendue qu\u2018elle offre sur de magnifiques voies d\u2018eau\",\"breadcrumb\":{\"@id\":\"https:\\\/\\\/lueftner-cruises.fr\\\/croisieres-fluviales-de-luxe\\\/votre-hotel-5-etoiles-personnel-voyage-avec-vous\\\/#breadcrumb\"},\"inLanguage\":\"fr-FR\",\"potentialAction\":[{\"@type\":\"ReadAction\",\"target\":[\"https:\\\/\\\/lueftner-cruises.fr\\\/croisieres-fluviales-de-luxe\\\/votre-hotel-5-etoiles-personnel-voyage-avec-vous\\\/\"]}]},{\"@type\":\"ImageObject\",\"inLanguage\":\"fr-FR\",\"@id\":\"https:\\\/\\\/lueftner-cruises.fr\\\/croisieres-fluviales-de-luxe\\\/votre-hotel-5-etoiles-personnel-voyage-avec-vous\\\/#primaryimage\",\"url\":\"https:\\\/\\\/lueftner-cruises.fr\\\/croisieres-fluviales-de-luxe\\\/wp-content\\\/uploads\\\/2015\\\/09\\\/06-Amadeus-Elegant_s.jpg\",\"contentUrl\":\"https:\\\/\\\/lueftner-cruises.fr\\\/croisieres-fluviales-de-luxe\\\/wp-content\\\/uploads\\\/2015\\\/09\\\/06-Amadeus-Elegant_s.jpg\",\"width\":300,\"height\":225,\"caption\":\"Croisi\u00e8res fluviales de luxe\"},{\"@type\":\"BreadcrumbList\",\"@id\":\"https:\\\/\\\/lueftner-cruises.fr\\\/croisieres-fluviales-de-luxe\\\/votre-hotel-5-etoiles-personnel-voyage-avec-vous\\\/#breadcrumb\",\"itemListElement\":[{\"@type\":\"ListItem\",\"position\":1,\"name\":\"Accueil\",\"item\":\"https:\\\/\\\/lueftner-cruises.fr\\\/croisieres-fluviales-de-luxe\\\/\"},{\"@type\":\"ListItem\",\"position\":2,\"name\":\"Votre h\u00f4tel 5 \u00e9toiles personnel voyage avec vous\"}]},{\"@type\":\"WebSite\",\"@id\":\"https:\\\/\\\/lueftner-cruises.fr\\\/croisieres-fluviales-de-luxe\\\/#website\",\"url\":\"https:\\\/\\\/lueftner-cruises.fr\\\/croisieres-fluviales-de-luxe\\\/\",\"name\":\"Croisi\u00e8res Fluviales de Luxe L\u00fcftner Cruises\",\"description\":\"\",\"potentialAction\":[{\"@type\":\"SearchAction\",\"target\":{\"@type\":\"EntryPoint\",\"urlTemplate\":\"https:\\\/\\\/lueftner-cruises.fr\\\/croisieres-fluviales-de-luxe\\\/?s={search_term_string}\"},\"query-input\":{\"@type\":\"PropertyValueSpecification\",\"valueRequired\":true,\"valueName\":\"search_term_string\"}}],\"inLanguage\":\"fr-FR\"}]}<\/script>\n<!-- \/ Yoast SEO plugin. -->","yoast_head_json":{"title":"Croisi\u00e8re Fluviale : Votre h\u00f4tel 5 \u00e9toiles personnel voyage avec vous","description":"L\u2018incomparable avantage d\u2018une croisi\u00e8re fluviale consiste en l\u2018exp\u00e9rience intense et la d\u00e9couverte d\u00e9tendue qu\u2018elle offre sur de magnifiques voies d\u2018eau","robots":{"index":"index","follow":"follow","max-snippet":"max-snippet:-1","max-image-preview":"max-image-preview:large","max-video-preview":"max-video-preview:-1"},"canonical":"https:\/\/lueftner-cruises.fr\/croisieres-fluviales-de-luxe\/votre-hotel-5-etoiles-personnel-voyage-avec-vous\/","og_locale":"fr_FR","og_type":"article","og_title":"Croisi\u00e8re Fluviale : Votre h\u00f4tel 5 \u00e9toiles personnel voyage avec vous","og_description":"L\u2018incomparable avantage d\u2018une croisi\u00e8re fluviale consiste en l\u2018exp\u00e9rience intense et la d\u00e9couverte d\u00e9tendue qu\u2018elle offre sur de magnifiques voies d\u2018eau","og_url":"https:\/\/lueftner-cruises.fr\/croisieres-fluviales-de-luxe\/votre-hotel-5-etoiles-personnel-voyage-avec-vous\/","og_site_name":"Croisi\u00e8res Fluviales de Luxe L\u00fcftner Cruises","article_modified_time":"2016-11-29T13:11:27+00:00","og_image":[{"url":"http:\/\/lueftner-cruises.fr\/croisieres-fluviales-de-luxe\/wp-content\/uploads\/2015\/09\/06-Amadeus-Elegant_s-300x225.jpg","type":"","width":"","height":""}],"twitter_card":"summary_large_image","twitter_site":"@oceaniacruisefr","twitter_misc":{"Dur\u00e9e de lecture estim\u00e9e":"3 minutes"},"schema":{"@context":"https:\/\/schema.org","@graph":[{"@type":"WebPage","@id":"https:\/\/lueftner-cruises.fr\/croisieres-fluviales-de-luxe\/votre-hotel-5-etoiles-personnel-voyage-avec-vous\/","url":"https:\/\/lueftner-cruises.fr\/croisieres-fluviales-de-luxe\/votre-hotel-5-etoiles-personnel-voyage-avec-vous\/","name":"Croisi\u00e8re Fluviale : Votre h\u00f4tel 5 \u00e9toiles personnel voyage avec vous","isPartOf":{"@id":"https:\/\/lueftner-cruises.fr\/croisieres-fluviales-de-luxe\/#website"},"primaryImageOfPage":{"@id":"https:\/\/lueftner-cruises.fr\/croisieres-fluviales-de-luxe\/votre-hotel-5-etoiles-personnel-voyage-avec-vous\/#primaryimage"},"image":{"@id":"https:\/\/lueftner-cruises.fr\/croisieres-fluviales-de-luxe\/votre-hotel-5-etoiles-personnel-voyage-avec-vous\/#primaryimage"},"thumbnailUrl":"http:\/\/lueftner-cruises.fr\/croisieres-fluviales-de-luxe\/wp-content\/uploads\/2015\/09\/06-Amadeus-Elegant_s-300x225.jpg","datePublished":"2015-09-04T14:35:00+00:00","dateModified":"2016-11-29T13:11:27+00:00","description":"L\u2018incomparable avantage d\u2018une croisi\u00e8re fluviale consiste en l\u2018exp\u00e9rience intense et la d\u00e9couverte d\u00e9tendue qu\u2018elle offre sur de magnifiques voies d\u2018eau","breadcrumb":{"@id":"https:\/\/lueftner-cruises.fr\/croisieres-fluviales-de-luxe\/votre-hotel-5-etoiles-personnel-voyage-avec-vous\/#breadcrumb"},"inLanguage":"fr-FR","potentialAction":[{"@type":"ReadAction","target":["https:\/\/lueftner-cruises.fr\/croisieres-fluviales-de-luxe\/votre-hotel-5-etoiles-personnel-voyage-avec-vous\/"]}]},{"@type":"ImageObject","inLanguage":"fr-FR","@id":"https:\/\/lueftner-cruises.fr\/croisieres-fluviales-de-luxe\/votre-hotel-5-etoiles-personnel-voyage-avec-vous\/#primaryimage","url":"https:\/\/lueftner-cruises.fr\/croisieres-fluviales-de-luxe\/wp-content\/uploads\/2015\/09\/06-Amadeus-Elegant_s.jpg","contentUrl":"https:\/\/lueftner-cruises.fr\/croisieres-fluviales-de-luxe\/wp-content\/uploads\/2015\/09\/06-Amadeus-Elegant_s.jpg","width":300,"height":225,"caption":"Croisi\u00e8res fluviales de luxe"},{"@type":"BreadcrumbList","@id":"https:\/\/lueftner-cruises.fr\/croisieres-fluviales-de-luxe\/votre-hotel-5-etoiles-personnel-voyage-avec-vous\/#breadcrumb","itemListElement":[{"@type":"ListItem","position":1,"name":"Accueil","item":"https:\/\/lueftner-cruises.fr\/croisieres-fluviales-de-luxe\/"},{"@type":"ListItem","position":2,"name":"Votre h\u00f4tel 5 \u00e9toiles personnel voyage avec vous"}]},{"@type":"WebSite","@id":"https:\/\/lueftner-cruises.fr\/croisieres-fluviales-de-luxe\/#website","url":"https:\/\/lueftner-cruises.fr\/croisieres-fluviales-de-luxe\/","name":"Croisi\u00e8res Fluviales de Luxe L\u00fcftner Cruises","description":"","potentialAction":[{"@type":"SearchAction","target":{"@type":"EntryPoint","urlTemplate":"https:\/\/lueftner-cruises.fr\/croisieres-fluviales-de-luxe\/?s={search_term_string}"},"query-input":{"@type":"PropertyValueSpecification","valueRequired":true,"valueName":"search_term_string"}}],"inLanguage":"fr-FR"}]}},"_links":{"self":[{"href":"https:\/\/lueftner-cruises.fr\/croisieres-fluviales-de-luxe\/wp-json\/wp\/v2\/pages\/44","targetHints":{"allow":["GET"]}}],"collection":[{"href":"https:\/\/lueftner-cruises.fr\/croisieres-fluviales-de-luxe\/wp-json\/wp\/v2\/pages"}],"about":[{"href":"https:\/\/lueftner-cruises.fr\/croisieres-fluviales-de-luxe\/wp-json\/wp\/v2\/types\/page"}],"author":[{"embeddable":true,"href":"https:\/\/lueftner-cruises.fr\/croisieres-fluviales-de-luxe\/wp-json\/wp\/v2\/users\/1"}],"replies":[{"embeddable":true,"href":"https:\/\/lueftner-cruises.fr\/croisieres-fluviales-de-luxe\/wp-json\/wp\/v2\/comments?post=44"}],"version-history":[{"count":7,"href":"https:\/\/lueftner-cruises.fr\/croisieres-fluviales-de-luxe\/wp-json\/wp\/v2\/pages\/44\/revisions"}],"predecessor-version":[{"id":189,"href":"https:\/\/lueftner-cruises.fr\/croisieres-fluviales-de-luxe\/wp-json\/wp\/v2\/pages\/44\/revisions\/189"}],"wp:attachment":[{"href":"https:\/\/lueftner-cruises.fr\/croisieres-fluviales-de-luxe\/wp-json\/wp\/v2\/media?parent=44"}],"curies":[{"name":"wp","href":"https:\/\/api.w.org\/{rel}","templated":true}]}}